{"id":165,"date":"2025-10-01T14:29:47","date_gmt":"2025-10-01T17:29:47","guid":{"rendered":"https:\/\/beckdorf.cl\/?page_id=165"},"modified":"2025-11-03T21:06:16","modified_gmt":"2025-11-04T00:06:16","slug":"casa-molle","status":"publish","type":"page","link":"https:\/\/beckdorf.cl\/index.php\/casa-molle\/","title":{"rendered":"Casa Molle"},"content":{"rendered":"\t\t<div data-elementor-type=\"wp-page\" data-elementor-id=\"165\" class=\"elementor elementor-165\">\n\t\t\t\t<div class=\"elementor-element elementor-element-5313b42 e-con-full e-flex e-con e-parent\" data-id=\"5313b42\" data-element_type=\"container\">\n\t\t<div class=\"elementor-element elementor-element-8ea2d6d e-con-full e-flex e-con e-child\" data-id=\"8ea2d6d\" data-element_type=\"container\">\n\t\t\t\t<div class=\"elementor-element elementor-element-f6f8463 elementor-widget elementor-widget-text-editor\" data-id=\"f6f8463\" data-element_type=\"widget\" data-widget_type=\"text-editor.default\">\n\t\t\t\t\t\t\t\t\t<p><strong>Arquitectos:<\/strong>\u00a0<\/p><p>Agust\u00edn Beckdorf y Nicol\u00e1s Wolleter<\/p><p><strong>A\u00f1o de Finalizaci\u00f3n:<\/strong>\u00a0<\/p><p>2018<\/p>\t\t\t\t\t\t\t\t<\/div>\n\t\t\t\t<\/div>\n\t\t<div class=\"elementor-element elementor-element-35a993d e-con-full e-flex e-con e-child\" data-id=\"35a993d\" data-element_type=\"container\">\n\t\t\t\t<div class=\"elementor-element elementor-element-00fb876 elementor-widget elementor-widget-text-editor\" data-id=\"00fb876\" data-element_type=\"widget\" data-widget_type=\"text-editor.default\">\n\t\t\t\t\t\t\t\t\t<p><strong>Ubicaci\u00f3n:<\/strong>\u00a0<\/p><p>Los Dominicos, Regi\u00f3n Metropolitana, Chile<\/p><p><strong>Superficie Construida:<\/strong>\u00a0<\/p><p>330 m\u00b2<\/p>\t\t\t\t\t\t\t\t<\/div>\n\t\t\t\t<\/div>\n\t\t<div class=\"elementor-element elementor-element-74664f9 e-con-full e-flex e-con e-child\" data-id=\"74664f9\" data-element_type=\"container\">\n\t\t\t\t<div class=\"elementor-element elementor-element-6dfbe5c elementor-widget elementor-widget-text-editor\" data-id=\"6dfbe5c\" data-element_type=\"widget\" data-widget_type=\"text-editor.default\">\n\t\t\t\t\t\t\t\t\t<p><strong>Calculista\/Ingeniero:<\/strong><\/p><p>Ernesto Hern\u00e1ndez , FHS Ingenieria<\/p><p><strong>Constructora:<\/strong><\/p><p>Pablo Barcelo<\/p>\t\t\t\t\t\t\t\t<\/div>\n\t\t\t\t<\/div>\n\t\t<div class=\"elementor-element elementor-element-0256108 e-con-full e-flex e-con e-child\" data-id=\"0256108\" data-element_type=\"container\">\n\t\t\t\t<div class=\"elementor-element elementor-element-0e29849 elementor-widget elementor-widget-text-editor\" data-id=\"0e29849\" data-element_type=\"widget\" data-widget_type=\"text-editor.default\">\n\t\t\t\t\t\t\t\t\t<p><strong>Fotograf\u00eda:<\/strong>\u00a0<\/p><p>Fran Vasquez<\/p>\t\t\t\t\t\t\t\t<\/div>\n\t\t\t\t<\/div>\n\t\t\t\t<\/div>\n\t\t<div class=\"elementor-element elementor-element-80aad3a e-flex e-con-boxed e-con e-parent\" data-id=\"80aad3a\" data-element_type=\"container\">\n\t\t\t\t\t<div class=\"e-con-inner\">\n\t\t\t\t<div class=\"elementor-element elementor-element-3f98d18 elementor-widget elementor-widget-modula_elementor_gallery\" data-id=\"3f98d18\" data-element_type=\"widget\" data-widget_type=\"modula_elementor_gallery.default\">\n\t\t\t\t<div class=\"elementor-widget-container\">\n\t\t\t\t\t<style>#jtg-743 .modula-item .jtg-social a, .lightbox-socials.jtg-social a{ fill: #ffffff; color: #ffffff }#jtg-743 .modula-item .jtg-social-expandable a, #jtg-743 .modula-item .jtg-social-expandable-icons a{ fill: #ffffff; color: #ffffff }#jtg-743 .modula-item .jtg-social svg, .lightbox-socials.jtg-social svg { height: 16px; width: 16px }#jtg-743 .modula-item .jtg-social-expandable svg { height: 16px; width: 16px }#jtg-743 .modula-item .jtg-social-expandable-icons svg { height: 16px; width: 16px }#jtg-743 .modula-item .jtg-social a:not(:last-child), .lightbox-socials.jtg-social a:not(:last-child) { margin-right: 10px }#jtg-743 .modula-item .jtg-social-expandable-icons { gap: 10px }#jtg-743 .modula-item .no-socials{ display:none; }#jtg-743 .modula-item .figc {color:#ffffff;}#jtg-743 .modula-item .figc .jtg-title {  font-size: 24px; }#jtg-743 .modula-item .modula-item-content { transform: scale(1); }#jtg-743 .modula-items .figc p.description { font-size:16px; }#jtg-743 .modula-items .figc p.description { color:#ffffff;}#jtg-743 .modula-items .figc .jtg-title { color:#ffffff; }#jtg-743.modula-gallery .modula-item > a, #jtg-743.modula-gallery .modula-item, #jtg-743.modula-gallery .modula-item-content > a:not(.modula-no-follow) { cursor:zoom-in; } #jtg-743.modula-gallery .modula-item-content .modula-no-follow { cursor: default; } @media screen and (max-width:480px){#jtg-743 .modula-item .figc .jtg-title {  font-size: 12px; }#jtg-743 .modula-items .figc p.description { color:#ffffff;font-size:10px; }}<\/style>\n<div  id=\"jtg-743\" class=\"modula modula-gallery modula-custom-grid\" data-config=\"{&quot;height&quot;:800,&quot;tabletHeight&quot;:800,&quot;mobileHeight&quot;:800,&quot;desktopHeight&quot;:800,&quot;enableTwitter&quot;:false,&quot;enableWhatsapp&quot;:false,&quot;enableFacebook&quot;:false,&quot;enablePinterest&quot;:false,&quot;enableLinkedin&quot;:false,&quot;enableEmail&quot;:false,&quot;randomFactor&quot;:0.5,&quot;type&quot;:&quot;custom-grid&quot;,&quot;columns&quot;:12,&quot;gutter&quot;:10,&quot;mobileGutter&quot;:10,&quot;tabletGutter&quot;:10,&quot;desktopGutter&quot;:10,&quot;enableResponsive&quot;:true,&quot;tabletColumns&quot;:2,&quot;mobileColumns&quot;:1,&quot;lazyLoad&quot;:0,&quot;lightboxOpts&quot;:{&quot;animated&quot;:true,&quot;Thumbs&quot;:{&quot;type&quot;:&quot;modern&quot;,&quot;showOnStart&quot;:false},&quot;Toolbar&quot;:{&quot;display&quot;:{&quot;right&quot;:[&quot;close&quot;]},&quot;enabled&quot;:true},&quot;Carousel&quot;:{&quot;Panzoom&quot;:{&quot;touch&quot;:false},&quot;infinite&quot;:false},&quot;keyboard&quot;:{&quot;Escape&quot;:&quot;close&quot;,&quot;Delete&quot;:&quot;close&quot;,&quot;Backspace&quot;:&quot;close&quot;,&quot;PageUp&quot;:false,&quot;PageDown&quot;:false,&quot;ArrowUp&quot;:false,&quot;ArrowDown&quot;:false,&quot;ArrowRight&quot;:false,&quot;ArrowLeft&quot;:false},&quot;touch&quot;:false,&quot;backdropClick&quot;:false,&quot;l10n&quot;:{&quot;CLOSE&quot;:&quot;Cerrar&quot;,&quot;NEXT&quot;:&quot;Siguiente&quot;,&quot;PREV&quot;:&quot;Anterior&quot;,&quot;Error&quot;:&quot;No se pudo cargar el contenido solicitado. Por favor, int\\u00e9ntalo de nuevo m\\u00e1s tarde.&quot;,&quot;PLAY_START&quot;:&quot;Empezar la presentaci\\u00f3n&quot;,&quot;PLAY_STOP&quot;:&quot;Pausar la presentaci\\u00f3n&quot;,&quot;FULL_SCREEN&quot;:&quot;Pantalla completa&quot;,&quot;THUMBS&quot;:&quot;Miniaturas&quot;,&quot;DOWNLOAD&quot;:&quot;Descargar&quot;,&quot;SHARE&quot;:&quot;Compartir&quot;,&quot;ZOOM&quot;:&quot;Zoom&quot;,&quot;EMAIL&quot;:&quot;Here is the link to the image : %%image_link%% and this is the link to the gallery : %%gallery_link%%&quot;,&quot;MODAL&quot;:&quot;Puedes cerrar este contenido emergente con la tecla ESC&quot;,&quot;ERROR&quot;:&quot;Algo sali\\u00f3 mal, pro favor, prueba de nuevo m\\u00e1s tarde&quot;,&quot;IMAGE_ERROR&quot;:&quot;Imagen no encontrada&quot;,&quot;ELEMENT_NOT_FOUND&quot;:&quot;No se encontr\\u00f3 el elemento HTML&quot;,&quot;AJAX_NOT_FOUND&quot;:&quot;Error al cargar AJAX: No encontrado&quot;,&quot;AJAX_FORBIDDEN&quot;:&quot;Error al cargar AJAX: Prohibido&quot;,&quot;IFRAME_ERROR&quot;:&quot;Error al cargar la p\\u00e1gina&quot;,&quot;TOGGLE_ZOOM&quot;:&quot;Alternar nivel de ampliar\\\/acercar&quot;,&quot;TOGGLE_THUMBS&quot;:&quot;Alternar miniaturas&quot;,&quot;TOGGLE_SLIDESHOW&quot;:&quot;Alternar diapositiva&quot;,&quot;TOGGLE_FULLSCREEN&quot;:&quot;Cambiar al modo de pantalla completa&quot;},&quot;Images&quot;:{&quot;Panzoom&quot;:{&quot;maxScale&quot;:2}},&quot;mainClass&quot;:&quot;modula-fancybox-container modula-lightbox-jtg-743&quot;,&quot;Html&quot;:{&quot;videoAutoplay&quot;:0,&quot;videoTpl&quot;:&quot;&lt;video class=\\&quot;fancybox__html5video\\&quot; controls muted playsinline controlsList controlsList=\\&quot;nodownload\\&quot; poster=\\&quot;{{poster}}\\&quot; src=\\&quot;{{src}}\\&quot; type=\\&quot;{{format}}\\&quot; &gt;  Sorry, your browser doesn&#039;t support embedded videos, &lt;a href=\\&quot;{{src}}\\&quot;&gt; download &lt;\\\/a&gt; and watch with your favorite video player! &lt;\\\/video&gt;&quot;}},&quot;inView&quot;:false,&quot;email_subject&quot;:&quot;\\u00a1\\u00a1Mira esta impresionante imagen!!&quot;,&quot;email_message&quot;:&quot;Este es el enlace a la imagen: %%image_link%% y este es el enlace a la galer\\u00eda: %%gallery_link%%&quot;,&quot;lightbox&quot;:&quot;fancybox&quot;}\">\n\n\t\n\t<div  class=\"modula-items\">\n\t\t<div class=\"modula-item effect-pufrobo\" data-width=\"12\" data-height=\"7\" >\n\t<div class=\"modula-item-overlay\"><\/div>\n\n\t<div class=\"modula-item-content\">\n\n\t\t\t\t\n\t\t\t\t\t<a role=\"button\" data-elementor-open-lightbox=\"no\" tabindex=\"0\" rel=\"jtg-743\" data-caption=\"\" aria-label=\"Abrir la imagen en una caja de luz\" class=\"tile-inner modula-item-link\"><\/a>\n\t\t\n\t\t<img fetchpriority=\"high\" decoding=\"async\" class=\"pic wp-image-182\"  data-valign=\"middle\" data-halign=\"center\" alt=\"\" data-full=\"https:\/\/beckdorf.cl\/wp-content\/uploads\/2025\/10\/1.jpg\" title=\"1\" width=\"1000\" height=\"659\" src=\"https:\/\/beckdorf.cl\/wp-content\/uploads\/2025\/10\/1.jpg\" data-src=\"https:\/\/beckdorf.cl\/wp-content\/uploads\/2025\/10\/1.jpg\" data-caption=\"\" srcset=\"https:\/\/beckdorf.cl\/wp-content\/uploads\/2025\/10\/1.jpg 1000w, https:\/\/beckdorf.cl\/wp-content\/uploads\/2025\/10\/1-300x198.jpg 300w, https:\/\/beckdorf.cl\/wp-content\/uploads\/2025\/10\/1-768x506.jpg 768w\" sizes=\"(max-width: 1000px) 100vw, 1000px\" \/>\n\t\t<div class=\"figc no-description\">\n\t\t\t<div class=\"figc-inner\">\n\t\t\t\t\t\t\t\t\t\t\t\t\t\t\t<\/div>\n\t\t<\/div>\n\n\t<\/div>\n\n<\/div><div class=\"modula-item effect-pufrobo\" data-width=\"6\" data-height=\"6\" >\n\t<div class=\"modula-item-overlay\"><\/div>\n\n\t<div class=\"modula-item-content\">\n\n\t\t\t\t\n\t\t\t\t\t<a role=\"button\" data-elementor-open-lightbox=\"no\" tabindex=\"0\" rel=\"jtg-743\" data-caption=\"\" aria-label=\"Abrir la imagen en una caja de luz\" class=\"tile-inner modula-item-link\"><\/a>\n\t\t\n\t\t<img decoding=\"async\" class=\"pic wp-image-611\"  data-valign=\"middle\" data-halign=\"center\" alt=\"\" data-full=\"https:\/\/beckdorf.cl\/wp-content\/uploads\/2025\/10\/212751274_1144959599249474_846631514825769613_n.jpg\" title=\"212751274_1144959599249474_846631514825769613_n\" width=\"1024\" height=\"1024\" src=\"https:\/\/beckdorf.cl\/wp-content\/uploads\/2025\/10\/212751274_1144959599249474_846631514825769613_n-1024x1024.jpg\" data-src=\"https:\/\/beckdorf.cl\/wp-content\/uploads\/2025\/10\/212751274_1144959599249474_846631514825769613_n-1024x1024.jpg\" data-caption=\"\" srcset=\"https:\/\/beckdorf.cl\/wp-content\/uploads\/2025\/10\/212751274_1144959599249474_846631514825769613_n-1024x1024.jpg 1024w, https:\/\/beckdorf.cl\/wp-content\/uploads\/2025\/10\/212751274_1144959599249474_846631514825769613_n-300x300.jpg 300w, https:\/\/beckdorf.cl\/wp-content\/uploads\/2025\/10\/212751274_1144959599249474_846631514825769613_n-150x150.jpg 150w, https:\/\/beckdorf.cl\/wp-content\/uploads\/2025\/10\/212751274_1144959599249474_846631514825769613_n-768x768.jpg 768w, https:\/\/beckdorf.cl\/wp-content\/uploads\/2025\/10\/212751274_1144959599249474_846631514825769613_n.jpg 1080w\" sizes=\"(max-width: 1024px) 100vw, 1024px\" \/>\n\t\t<div class=\"figc no-description\">\n\t\t\t<div class=\"figc-inner\">\n\t\t\t\t\t\t\t\t\t\t\t\t\t\t\t<\/div>\n\t\t<\/div>\n\n\t<\/div>\n\n<\/div><div class=\"modula-item effect-pufrobo\" data-width=\"6\" data-height=\"6\" >\n\t<div class=\"modula-item-overlay\"><\/div>\n\n\t<div class=\"modula-item-content\">\n\n\t\t\t\t\n\t\t\t\t\t<a role=\"button\" data-elementor-open-lightbox=\"no\" tabindex=\"0\" rel=\"jtg-743\" data-caption=\"\" aria-label=\"Abrir la imagen en una caja de luz\" class=\"tile-inner modula-item-link\"><\/a>\n\t\t\n\t\t<img decoding=\"async\" class=\"pic wp-image-612\"  data-valign=\"middle\" data-halign=\"center\" alt=\"\" data-full=\"https:\/\/beckdorf.cl\/wp-content\/uploads\/2025\/10\/213202118_364132925055369_6072079951021539050_n.jpg\" title=\"213202118_364132925055369_6072079951021539050_n\" width=\"1024\" height=\"1024\" src=\"https:\/\/beckdorf.cl\/wp-content\/uploads\/2025\/10\/213202118_364132925055369_6072079951021539050_n-1024x1024.jpg\" data-src=\"https:\/\/beckdorf.cl\/wp-content\/uploads\/2025\/10\/213202118_364132925055369_6072079951021539050_n-1024x1024.jpg\" data-caption=\"\" srcset=\"https:\/\/beckdorf.cl\/wp-content\/uploads\/2025\/10\/213202118_364132925055369_6072079951021539050_n-1024x1024.jpg 1024w, https:\/\/beckdorf.cl\/wp-content\/uploads\/2025\/10\/213202118_364132925055369_6072079951021539050_n-300x300.jpg 300w, https:\/\/beckdorf.cl\/wp-content\/uploads\/2025\/10\/213202118_364132925055369_6072079951021539050_n-150x150.jpg 150w, https:\/\/beckdorf.cl\/wp-content\/uploads\/2025\/10\/213202118_364132925055369_6072079951021539050_n-768x768.jpg 768w, https:\/\/beckdorf.cl\/wp-content\/uploads\/2025\/10\/213202118_364132925055369_6072079951021539050_n.jpg 1080w\" sizes=\"(max-width: 1024px) 100vw, 1024px\" \/>\n\t\t<div class=\"figc no-description\">\n\t\t\t<div class=\"figc-inner\">\n\t\t\t\t\t\t\t\t\t\t\t\t\t\t\t<\/div>\n\t\t<\/div>\n\n\t<\/div>\n\n<\/div><div class=\"modula-item effect-pufrobo\" data-width=\"12\" data-height=\"8\" >\n\t<div class=\"modula-item-overlay\"><\/div>\n\n\t<div class=\"modula-item-content\">\n\n\t\t\t\t\n\t\t\t\t\t<a role=\"button\" data-elementor-open-lightbox=\"no\" tabindex=\"0\" rel=\"jtg-743\" data-caption=\"\" aria-label=\"Abrir la imagen en una caja de luz\" class=\"tile-inner modula-item-link\"><\/a>\n\t\t\n\t\t<img loading=\"lazy\" decoding=\"async\" class=\"pic wp-image-175\"  data-valign=\"middle\" data-halign=\"center\" alt=\"\" data-full=\"https:\/\/beckdorf.cl\/wp-content\/uploads\/2025\/10\/10.jpg\" title=\"10\" width=\"1000\" height=\"734\" src=\"https:\/\/beckdorf.cl\/wp-content\/uploads\/2025\/10\/10.jpg\" data-src=\"https:\/\/beckdorf.cl\/wp-content\/uploads\/2025\/10\/10.jpg\" data-caption=\"\" srcset=\"https:\/\/beckdorf.cl\/wp-content\/uploads\/2025\/10\/10.jpg 1000w, https:\/\/beckdorf.cl\/wp-content\/uploads\/2025\/10\/10-300x220.jpg 300w, https:\/\/beckdorf.cl\/wp-content\/uploads\/2025\/10\/10-768x564.jpg 768w\" sizes=\"(max-width: 1000px) 100vw, 1000px\" \/>\n\t\t<div class=\"figc no-description\">\n\t\t\t<div class=\"figc-inner\">\n\t\t\t\t\t\t\t\t\t\t\t\t\t\t\t<\/div>\n\t\t<\/div>\n\n\t<\/div>\n\n<\/div><div class=\"modula-item effect-pufrobo\" data-width=\"4\" data-height=\"6\" >\n\t<div class=\"modula-item-overlay\"><\/div>\n\n\t<div class=\"modula-item-content\">\n\n\t\t\t\t\n\t\t\t\t\t<a role=\"button\" data-elementor-open-lightbox=\"no\" tabindex=\"0\" rel=\"jtg-743\" data-caption=\"\" aria-label=\"Abrir la imagen en una caja de luz\" class=\"tile-inner modula-item-link\"><\/a>\n\t\t\n\t\t<img loading=\"lazy\" decoding=\"async\" class=\"pic wp-image-87\"  data-valign=\"middle\" data-halign=\"center\" alt=\"\" data-full=\"https:\/\/beckdorf.cl\/wp-content\/uploads\/2025\/08\/Screenshot-2025-08-14-at-13.43.16.png\" title=\"Screenshot 2025-08-14 at 13.43.16\" width=\"1000\" height=\"659\" src=\"https:\/\/beckdorf.cl\/wp-content\/uploads\/2025\/08\/Screenshot-2025-08-14-at-13.43.16.png\" data-src=\"https:\/\/beckdorf.cl\/wp-content\/uploads\/2025\/08\/Screenshot-2025-08-14-at-13.43.16.png\" data-caption=\"\" srcset=\"https:\/\/beckdorf.cl\/wp-content\/uploads\/2025\/08\/Screenshot-2025-08-14-at-13.43.16.png 1000w, https:\/\/beckdorf.cl\/wp-content\/uploads\/2025\/08\/Screenshot-2025-08-14-at-13.43.16-300x198.png 300w, https:\/\/beckdorf.cl\/wp-content\/uploads\/2025\/08\/Screenshot-2025-08-14-at-13.43.16-768x506.png 768w\" sizes=\"(max-width: 1000px) 100vw, 1000px\" \/>\n\t\t<div class=\"figc no-description\">\n\t\t\t<div class=\"figc-inner\">\n\t\t\t\t\t\t\t\t\t\t\t\t\t\t\t<\/div>\n\t\t<\/div>\n\n\t<\/div>\n\n<\/div><div class=\"modula-item effect-pufrobo\" data-width=\"4\" data-height=\"6\" >\n\t<div class=\"modula-item-overlay\"><\/div>\n\n\t<div class=\"modula-item-content\">\n\n\t\t\t\t\n\t\t\t\t\t<a role=\"button\" data-elementor-open-lightbox=\"no\" tabindex=\"0\" rel=\"jtg-743\" data-caption=\"\" aria-label=\"Abrir la imagen en una caja de luz\" class=\"tile-inner modula-item-link\"><\/a>\n\t\t\n\t\t<img loading=\"lazy\" decoding=\"async\" class=\"pic wp-image-183\"  data-valign=\"middle\" data-halign=\"center\" alt=\"\" data-full=\"https:\/\/beckdorf.cl\/wp-content\/uploads\/2025\/10\/3.jpg\" title=\"3\" width=\"1000\" height=\"666\" src=\"https:\/\/beckdorf.cl\/wp-content\/uploads\/2025\/10\/3.jpg\" data-src=\"https:\/\/beckdorf.cl\/wp-content\/uploads\/2025\/10\/3.jpg\" data-caption=\"\" srcset=\"https:\/\/beckdorf.cl\/wp-content\/uploads\/2025\/10\/3.jpg 1000w, https:\/\/beckdorf.cl\/wp-content\/uploads\/2025\/10\/3-300x200.jpg 300w, https:\/\/beckdorf.cl\/wp-content\/uploads\/2025\/10\/3-768x511.jpg 768w\" sizes=\"(max-width: 1000px) 100vw, 1000px\" \/>\n\t\t<div class=\"figc no-description\">\n\t\t\t<div class=\"figc-inner\">\n\t\t\t\t\t\t\t\t\t\t\t\t\t\t\t<\/div>\n\t\t<\/div>\n\n\t<\/div>\n\n<\/div><div class=\"modula-item effect-pufrobo\" data-width=\"4\" data-height=\"6\" >\n\t<div class=\"modula-item-overlay\"><\/div>\n\n\t<div class=\"modula-item-content\">\n\n\t\t\t\t\n\t\t\t\t\t<a role=\"button\" data-elementor-open-lightbox=\"no\" tabindex=\"0\" rel=\"jtg-743\" data-caption=\"\" aria-label=\"Abrir la imagen en una caja de luz\" class=\"tile-inner modula-item-link\"><\/a>\n\t\t\n\t\t<img loading=\"lazy\" decoding=\"async\" class=\"pic wp-image-180\"  data-valign=\"middle\" data-halign=\"center\" alt=\"\" data-full=\"https:\/\/beckdorf.cl\/wp-content\/uploads\/2025\/10\/4.jpg\" title=\"4\" width=\"1000\" height=\"750\" src=\"https:\/\/beckdorf.cl\/wp-content\/uploads\/2025\/10\/4.jpg\" data-src=\"https:\/\/beckdorf.cl\/wp-content\/uploads\/2025\/10\/4.jpg\" data-caption=\"\" srcset=\"https:\/\/beckdorf.cl\/wp-content\/uploads\/2025\/10\/4.jpg 1000w, https:\/\/beckdorf.cl\/wp-content\/uploads\/2025\/10\/4-300x225.jpg 300w, https:\/\/beckdorf.cl\/wp-content\/uploads\/2025\/10\/4-768x576.jpg 768w\" sizes=\"(max-width: 1000px) 100vw, 1000px\" \/>\n\t\t<div class=\"figc no-description\">\n\t\t\t<div class=\"figc-inner\">\n\t\t\t\t\t\t\t\t\t\t\t\t\t\t\t<\/div>\n\t\t<\/div>\n\n\t<\/div>\n\n<\/div><div class=\"modula-item effect-pufrobo\" data-width=\"12\" data-height=\"7\" >\n\t<div class=\"modula-item-overlay\"><\/div>\n\n\t<div class=\"modula-item-content\">\n\n\t\t\t\t\n\t\t\t\t\t<a role=\"button\" data-elementor-open-lightbox=\"no\" tabindex=\"0\" rel=\"jtg-743\" data-caption=\"\" aria-label=\"Abrir la imagen en una caja de luz\" class=\"tile-inner modula-item-link\"><\/a>\n\t\t\n\t\t<img loading=\"lazy\" decoding=\"async\" class=\"pic wp-image-181\"  data-valign=\"middle\" data-halign=\"center\" alt=\"\" data-full=\"https:\/\/beckdorf.cl\/wp-content\/uploads\/2025\/10\/2.jpg\" title=\"2\" width=\"1000\" height=\"637\" src=\"https:\/\/beckdorf.cl\/wp-content\/uploads\/2025\/10\/2.jpg\" data-src=\"https:\/\/beckdorf.cl\/wp-content\/uploads\/2025\/10\/2.jpg\" data-caption=\"\" srcset=\"https:\/\/beckdorf.cl\/wp-content\/uploads\/2025\/10\/2.jpg 1000w, https:\/\/beckdorf.cl\/wp-content\/uploads\/2025\/10\/2-300x191.jpg 300w, https:\/\/beckdorf.cl\/wp-content\/uploads\/2025\/10\/2-768x489.jpg 768w\" sizes=\"(max-width: 1000px) 100vw, 1000px\" \/>\n\t\t<div class=\"figc no-description\">\n\t\t\t<div class=\"figc-inner\">\n\t\t\t\t\t\t\t\t\t\t\t\t\t\t\t<\/div>\n\t\t<\/div>\n\n\t<\/div>\n\n<\/div>\t\t\n\t<\/div>\n\n\t\n\t\n\t<script type=\"application\/ld+json\">\n\t{\n\t\t\"@context\": \"http:\/\/schema.org\",\n\t\t\"@type\"   : \"ImageGallery\",\n\t\t\"id\"      : \"https:\/\/beckdorf.cl\/index.php\/casa-molle\/\",\n\t\t\"url\"     : \"https:\/\/beckdorf.cl\/index.php\/casa-molle\/\"\n\t}\n\n\t<\/script>\n\n\t\n<\/div>\n\t\t\t\t<\/div>\n\t\t\t\t<\/div>\n\t\t\t\t\t<\/div>\n\t\t\t\t<\/div>\n\t\t\t\t<\/div>\n\t\t","protected":false},"excerpt":{"rendered":"<p>Arquitectos:\u00a0 Agust\u00edn Beckdorf y Nicol\u00e1s Wolleter A\u00f1o de Finalizaci\u00f3n:\u00a0 2018 Ubicaci\u00f3n:\u00a0 Los Dominicos, Regi\u00f3n Metropolitana, Chile Superficie Construida:\u00a0 330 m\u00b2 Calculista\/Ingeniero: Ernesto Hern\u00e1ndez , FHS Ingenieria Constructora: Pablo Barcelo Fotograf\u00eda:\u00a0 Fran Vasquez Editar galer\u00eda<\/p>\n","protected":false},"author":1,"featured_media":0,"parent":0,"menu_order":0,"comment_status":"closed","ping_status":"closed","template":"","meta":{"inline_featured_image":false,"footnotes":""},"class_list":["post-165","page","type-page","status-publish","hentry"],"_links":{"self":[{"href":"https:\/\/beckdorf.cl\/index.php\/wp-json\/wp\/v2\/pages\/165","targetHints":{"allow":["GET"]}}],"collection":[{"href":"https:\/\/beckdorf.cl\/index.php\/wp-json\/wp\/v2\/pages"}],"about":[{"href":"https:\/\/beckdorf.cl\/index.php\/wp-json\/wp\/v2\/types\/page"}],"author":[{"embeddable":true,"href":"https:\/\/beckdorf.cl\/index.php\/wp-json\/wp\/v2\/users\/1"}],"replies":[{"embeddable":true,"href":"https:\/\/beckdorf.cl\/index.php\/wp-json\/wp\/v2\/comments?post=165"}],"version-history":[{"count":25,"href":"https:\/\/beckdorf.cl\/index.php\/wp-json\/wp\/v2\/pages\/165\/revisions"}],"predecessor-version":[{"id":779,"href":"https:\/\/beckdorf.cl\/index.php\/wp-json\/wp\/v2\/pages\/165\/revisions\/779"}],"wp:attachment":[{"href":"https:\/\/beckdorf.cl\/index.php\/wp-json\/wp\/v2\/media?parent=165"}],"curies":[{"name":"wp","href":"https:\/\/api.w.org\/{rel}","templated":true}]}}